 12 a factor of x?
False
Let g(m) = m**2 + 3*m - 59. Let r be g(-13). Let o be 2/(-4)*20/(-2). Suppose 0 = -o*b + r + 79. Does 10 divide b?
True
Let f be (-5 - -4)*8/(-2). Let c(t) = 2*t**3 - 7*t**2 + 6*t. Let y be c(f). Is 9 a factor of y*(-3 + (-9)/(-2))?
False
Let h = 1519 - 959. Is 70 a factor of h?
True
Let p(c) = -107*c - 148. Is p(-6) a multiple of 8?
False
Let q(z) = -z**2 - 6*z + 8. Let u be q(-7). Let r(w) = -113*w**3 + w**2. Let g be r(u). Is 14 a factor of ((-7)/(-4))/((-7)/g)?
True
Let z = -89 - -140. Suppose 0*y + 2*y = p + 55, 2*y = -4*p + 80. Let g = z - y. Is g a multiple of 21?
True
Let d(l) = l**3 - 11*l**2 + 7*l - 14. Let n be d(10). Suppose -2*q = -7*q - 380. Let o = n - q. Is o a multiple of 16?
True
Suppose a = -0*a. Suppose r - 173 = -3*y, a*y = -4*y + 3*r + 209. Is 8 a factor of y?
True
Let b = 170 - 17. Is b a multiple of 17?
True
Suppose 0 = y - 15*y + 1316. Does 26 divide y?
False
Suppose -u + 337 = 4*j, -5*j = 11*u - 7*u - 424. Is 14 a factor of j?
True
Let m(f) = -11*f + 2. Is m(-9) a multiple of 6?
False
Let j be ((-3)/(-1))/((-10)/300). Let d = -48 - j. Is d a multiple of 38?
False
Let l = -45 + 48. Suppose 0 = -2*s - l*y + 165, 4*s + 60 = y + 397. Does 14 divide s?
True
Let q(v) be the third derivative of 3*v**5/10 - v**4/12 - v**3/6 - 2*v**2. Let d(j) = j**2 - 22*j + 118. Let n be d(12). Is 24 a factor of q(n)?
False
Suppose -10 = -2*p, -2*a - 4*p = -90 - 74. Let t = a - 43. Suppose 4*b - 20 = m, -5*m = -4*b - 9 + t. Is b a multiple of 3?
False
Let j(m) = -279*m**3 + 2*m**2 + 3*m + 2. Let h be j(-1). Suppose -3*a + h = a. Is a a multiple of 8?
False
Let v = -1454 + 2369. Is v a multiple of 61?
True
Suppose -3*b + 0*b + 15 = 0. Suppose b*k = 21 - 66. Let d = 87 + k. Is d a multiple of 13?
True
Suppose 0 = f + 3*c - 53, 4*f - 5*c - 120 - 58 = 0. Let u(l) = 2*l**2 + 8*l + 5. Let t be u(-6). Let a = f - t. Is a a multiple of 18?
True
Suppose 5*y + 11 = 2*o + 42, -5*o - 5 = 2*y. Suppose -y*z + 254 = -0*z - 3*k, -4*z + 208 = -4*k. Is 7 a factor of z?
True
Suppose -15 = -12*t + 7*t. Suppose -62 = -2*g - z + 58, -t*g = z - 180. Does 5 divide g?
True
Let y = 12 + 154. Does 4 divide y?
False
Let a(p) = -3 - 6 - p**2 - 11*p - 1 - 14. Let w be a(-8). Suppose -2*b + 189 = 2*b + 3*z, w = 4*z + 4. Does 8 divide b?
True
Suppose 2 = 3*p - 49. Let o = 8 + p. Is o a multiple of 25?
True
Let k(b) = -b**2 - 6*b + 3. Let d be k(-6). Let x = -159 - -161. Suppose -4*z - 10 = -x*s, -d*s + 3*z = s - 15. Is s a multiple of 2?
False
Suppose 3*o - 405 = -4*c, o = c - o - 104. Let z be (1 - 3)*(-21)/14. Suppose z*k = -0*k + c. Is 17 a factor of k?
True
Suppose 2*p - 6 - 2 = 0, 2*w - 5*p + 242 = 0. Let m = w + 146. Does 4 divide m?
False
Is 5 a factor of -1 + 1041 - (73 + -63)?
True
Suppose 4*m - 6 = o + o, -5*o + 4*m = -3. Suppose 0*y = -o*y + 390. Is y a multiple of 26?
True
Suppose 2*b - 4*d + 40 = 0, 3*d = 7*d - 20. Let n be (b/20)/((-2)/16). Suppose -127 = -4*m - x - 8, 4*x + n = 0. Is m a multiple of 12?
False
Is (2 + -6)/(-36) + (-30528)/(-81) a multiple of 14?
False
Let x(t) = 12*t**3 - 2*t**2 - 4. Is x(3) a multiple of 46?
False
Suppose 6 = 5*u - 4. Suppose 0 = -0*p + u*p + 24. Let r = 8 - p. Is r a multiple of 10?
True
Suppose 3*d = -0*d + 4*t + 2105, d = 2*t + 703. Is 43 a factor of d?
False
Let c(j) = -33*j**2 - 6*j - 11. Let n(d) = -133*d**2 - 23*d - 44. Let z(l) = -9*c(l) + 2*n(l). Is z(-2) a multiple of 50?
False
Let v(n) = n**2 + 4*n - 10. Let p(h) = -h**2 - 4*h + 10. Let j(b) = 3*p(b) + 2*v(b). Let y be j(-6). Let g(s) = 11*s**2 + 4*s + 3. Is g(y) a multiple of 15?
False
Let o(u) = -u**2 + 6*u + 19. Let h be o(8). Suppose -h*j = 4*j - 441. Does 9 divide j?
True
Suppose 5*b - 11456 = 4*v, 0 = -5*b + 3*v - 1666 + 13118. Is b a multiple of 104?
True
Let v = -878 + 2558. Is v a multiple of 56?
True
Let l(k) = k**3 + 14*k**2 + 7*k - 54. Is 12 a factor of l(-7)?
True
Let b = 5 + -5. Suppose -h + 3 - 1 = b. Suppose 5*w + 2*x = 92, h*w = -w - 3*x + 48. Is 10 a factor of w?
True
Let m = -129 - -678. Is 4 a factor of m?
False
Suppose 2*o = -3*w + 2465, -2*w + 3226 = 3*o - 459. Is 49 a factor of o?
True
Let v(t) = 0*t**2 + 0 + 195*t**3 + t + t**2 - 183*t**3 - 1. Let j(a) = -a**2 - 2*a + 1. Let y be j(-2). Is v(y) a multiple of 8?
False
Suppose 0*l + o = -3*l + 13, 2*o - 8 = 0. Suppose l*p - 67 = p + k, 0 = 2*p - 2*k - 66. Is 3 a factor of p?
False
Suppose 59*s - 44*s - 34020 = 0. Does 13 divide s?
False
Suppose 0 = -5*i + 13 - 3. Suppose 2*a = -i*n - 3*a + 35, n = -2*a + 16. Let r = n - -5. Does 15 divide r?
True
Let a(h) = -122*h - 14. Does 16 divide a(-3)?
True
Does 49 divide 50*14 - 1/(3/(-15))?
False
Suppose 21162 = 47*y - 3090. Is y a multiple of 12?
True
Let g = -41 - -45. Suppose 27 = 2*f + 5*m, f - g*m = -2*m + 9. Does 11 divide f?
True
Let i = -25 + 9. Let h = -32 - i. Is 11 a factor of h/(-24) - 110/(-6)?
False
Let n be 48/10*-1*(-40)/(-12). Let o = n - -36. Does 5 divide o?
True
Suppose 0 = 2*p + q - 2, 2*p + 5*q - 24 = 6*p. Let m be ((-1)/p)/(8/24). Suppose a - 2*t - 92 = -m*a, -5*a = 4*t - 128. Is a a multiple of 6?
True
Does 5 divide ((-10)/(3 + -8))/(2/203)?
False
Let g = -18 + 25. Suppose -g*y = -w - 2*y + 70, -w + 4*y = -65. Is w a multiple of 15?
True
Let a(f) = f**3 + 23*f**2 + 18*f - 68. Is a(-17) a multiple of 17?
True
Suppose 2*p - 2*f - 110 = f, p + 3*f - 73 = 0. Suppose k + 22 = 5*y + 4*k, 18 = y + 4*k. Let c = p - y. Is 21 a factor of c?
False
Let w(h) = -h**3 + 8*h**2 + 10*h - 6. Let i be w(9). Let o(b) = b + 4 + i*b**2 - 3*b + 4*b**2 + 0*b. Is 28 a factor of o(2)?
True
Suppose -w = 23 - 18. Does 7 divide 39/6 - w/10?
True
Suppose -z = -4*t + 1403, t = -4*z - 0*z + 338. Does 6 divide t?
False
Suppose 2*w + 4*l + 8 = 0, -4*w - 4*l - l = 13. Let k = 7 + w. Does 5 divide k?
True
Suppose 4*p + n = 8, 4*p = 2*p + 5*n + 26. Suppose -x - p*m = -4, x + 2*m - 1 - 4 = 0. Suppose 0*j + x*j = 322. Does 23 divide j?
True
Suppose -3*p + 2*t - 16 + 3 = 0, 3*p = t - 11. Does 16 divide 16/3*(-4)/(4/p)?
True
Let g(v) = 9*v**2 - v - 6. Let p be g(-2). Suppose 0 = -4*n + p + 4. Is n a multiple of 9?
True
Suppose 3*u = -t + 40, 4*u = -2*t - 0*u + 90. Does 6 divide t?
False
Let h(b) = 3*b**2 - 28*b + 42. Does 17 divide h(14)?
True
Suppose 74 = 2*h + 5*p - 435, 4*p + 222 = h. Is h a multiple of 11?
True
Let t(g) = -25*g - 91. Does 7 divide t(-14)?
True
Suppose 0 = 8*c - 6383 + 3367. Is 13 a factor of c?
True
Let f(l) = -l**3 - 6*l**2 + 5*l. Let k be f(-7). Suppose -5*n + 129 = -2*w - k, 0 = -2*n + w + 57. Is 6 a factor of n?
False
Suppose 6 = -5*m + 31. Suppose m*x - x = 44. Is x a multiple of 6?
False
Is 63 - ((5 - 5 - -7) + -4) a multiple of 3?
True
Suppose 0 = 6*f - 5*f - 60. Suppose 3*g + f = 5*g. Does 4 divide g?
False
Is 11814/(-198)*1*-45 a multiple of 21?
False
Suppose -9*j = -22*j + 832. Does 7 divide j?
False
Suppose -1366*i + 1376*i = 910. Is 7 a factor of i?
True
Let x = 37 - 23. Suppose 5*c = 4*c - 8. Let q = c + x. Is 2 a factor of q?
True
Let f be (21 + -1)*(-2)/(-4). Let a(y) = 6*y - 1 + 1 + 0. Is a(f) a multiple of 20?
True
Let p(c) = 2*c - 2. Let d be p(2). Suppose 0*j - 4*w = -d*j + 110, -59 = -j + 3*w. Is j/3 - 12/18 a multiple of 10?
False
Suppose -8 = 5*y - 3*l, -4 = 3*y + 7*l - 9*l. Is 12 a factor of 55 - (-4 + y + 3)?
True
Suppose -5*b - c = -400 - 30, -5*b = -4*c - 455. Is b even?
False
Let t = 67 + -32. Suppose 0 = -3*l + p + 72, 2*l + 3*p - t = 8*p. Let s = l - 1. Does 6 divide s?
True
Suppose 0 = -67*x + 56*x + 7084. Does 15 divide x?
False
Let f = 42 + -33. Let g = 24 - 23. Suppose f = u - g. Does 2 divide u?
True
Let w(p) = p + 6. Let l(b) = b + 12. Let r(y) = 6*l(y) - 13*w(y). Let a(s) = -2*s - 2. Let v(t) = 8*a(t) - 3*r(t). Is v(2) a multiple of 4?
True
Suppose -82 = 2*y + 18. Let z = y - -125. Does 19 divide z?
False
Does 2 divide 47/1 - (-31 + 29)?
False
Let h be 5 - ((1 - 4) + 4). Suppose -h*n - 3 = -5*n. Let s(m) = 6*m - 4. Does 14 divide s(n)?
True
Suppose 2*i + 2*j - 836 = -66, 3*i - 3*j - 1125 = 0. Is 19 a factor of i?
True
Let u = -320 + 542. Is 37 a factor of u?
True
Suppose -4*g = 3*g - 2695. Is 34 a factor of g?
False
Suppose -2*y - 14 = r + 2*y, -2*r + 4*y + 32 = 0. Let l(a) = 20*a - 6. Let c(w) = -10*w + 3. Let z(p) = -5*c(p) - 2*l(p). Is z(r) a multiple of 19?
True
Let o be (-81)/(